2
Suppose 0 = -13*v + 1373 + 954. Suppose 184*y - 10 = v*y. Let g(p) = -p**2 - p. Determine g(y).
-6
Suppose 5*x - d = 13, -1 = -3*x + x - d. Let p(z) = z**2 - 17*z - 30. Let n be p(19). Let g(j) = 3*j**x - 4*j**2 - 8*j - j - n. Give g(-7).
6
Let q be 182/(-56) + (-49)/28. Let f(l) = 4*l + 28. What is f(q)?
8
Let q(f) = f - 6. Let n(w) = -w**3 - 2*w**2 - 2*w + 1. Let v = -9 + 7. Let z be n(v). Calculate q(z).
-1
Let o(q) = 5*q**2 + 52*q + 26. Let i(s) = 3*s**2 + 34*s + 17. Let t(l) = -8*i(l) + 5*o(l). Calculate t(13).
7
Let h = 8 + -1. Let p(u) = 3*u**2 - 3*u + 3. Let w(m) = 2*m**2 - 1200 + 1195 + 4*m - 6*m**2. Let d(o) = h*p(o) + 5*w(o). What is d(0)?
-4
Let f(t) = 2*t**3 - 2*t**2 + 2*t. Let y(g) = g**3 - g**2 - g + 1. Let v(q) = f(q) - 3*y(q). Suppose -a - 3*a - n = 21, a - 5*n = 0. Let x = a + 8. What is v(x)?
-6
Suppose 14*j - 9 - 47 = 0. Let p(s) = 4*s - 13. Calculate p(j).
3
Suppose -2*a + 3*a = 0. Suppose -u - 8 + 10 = a. Let d(i) = 2*i + 37 + i**2 - u*i - 38. Give d(2).
3
Let x(m) = 2*m + 5. Let r(y) = -37*y - 41. Let u be r(-1). Determine x(u).
-3
Let j = 1696 + -1681. Let m(h) = h**3 - 16*h**2 + 16*h - 15. Calculate m(j).
0
Let n(t) be the first derivative of -t**2/2 + t + 430. Determine n(-11).
12
Let q(m) = m**2 - 8*m + 9. Suppose -2*j - 2 + 14 = 0. Let d be q(j). Let k be 3/(d + 15/6). Let f(c) = c**3 + 6*c**2 + c + 1. Determine f(k).
-5
Let s(o) = -o**3 + 8*o**2 + 8*o + 12. Let p be s(9). Let h(y) = p*y + 3*y + y**2 - 3*y - 2*y + 5. Determine h(0).
5
Let v(d) = 130*d**2 - 79*d**2 - 95*d**2. Calculate v(-1).
-44
Suppose 0 = -4*j + 7*j + 6, -3*a - 3*j = -33. Let h(z) = z - 7. What is h(a)?
6
Suppose 0 = -0*f + 28*f - 252. Let k(j) = -j**3 + 8*j**2 + 9*j + 11. What is k(f)?
11
Let k(f) = f**2 - 11*f - 9. Suppose 3*c - 8*c = -4*h - 47, -2*c - 2*h = -26. Calculate k(c).
-9
Suppose 5*p = h - 562, p + 1 = 4. Let m(l) = -9*l - 577 + h. What is m(-1)?
9
Let s(l) = -l**2 + 9*l + 4. Let z be s(10). Let g(x) = x**2 + 5*x - 13. Give g(z).
-7
Let c(z) = -z**3 + 7*z**2 + z - 15*z**2 - z - 9 + 8*z + 2*z**2. Calculate c(-7).
-16
Let d(m) be the third derivative of -5/3*m**3 + 1/24*m**4 - 18*m**2 + 0 + 0*m. Give d(12).
2
Let a = 995 - 997. Let j(d) = -9*d**2 - 3*d. Give j(a).
-30
Let o(a) be the first derivative of a**3/3 + a**2 - 3*a + 95. Give o(-4).
5
Let h = 6 + 3. Let l be (7 - h)*(0 + 3). Let q(g) = -7*g - 2. Let i(x) = -20*x - 6. Let t(p) = l*i(p) + 17*q(p). Determine t(-6).
-4
Let u(w) = w. Let t be 70/(-50) + 2/5. Let l(b) = -6*b. Let h(y) = t*l(y) - 5*u(y). Calculate h(-4).
-4
Let t(b) = b**2 + b + 4. Suppose -11*q - 18 = 15. Determine t(q).
10
Let d(z) = z**2 - 14*z - 6. Let h be (-22 - -17)*(-28)/10. Calculate d(h).
-6
Suppose 0 = 2*u - 5*f + 17, -5*u + 6*f = f + 20. Let h = 1 - 1. Let a(k) = h + 3*k**2 - 3*k - 1 - 2*k + 4*k. What is a(u)?
3
Let u(a) be the third derivative of a**5/60 + a**4/4 - a**3 + 39*a**2. Suppose -q - 2*m + 3*m = 11, 5*q - m = -35. Give u(q).
-6
Let o = -3 + 59. Let y = -48 + o. Let z(d) be the second derivative of -d**3/6 + 4*d**2 - d. What is z(y)?
0
Let q(z) = -z + 8. Let n(t) = 5*t - 55. Let x(d) = n(d) + 6*q(d). What is x(-7)?
0
Let d(u) = -3*u - 4. Suppose 0 = -28*k + 22*k - 36. Calculate d(k).
14
Let g(h) = 2*h + 18. Suppose 72 = -6*v - 0. Let z be g(v). Let y(u) be the third derivative of -u**5/60 - 5*u**4/24 + 7*u**3/6 - 8*u**2. What is y(z)?
1
Let k(t) be the first derivative of 7*t**2 - t - 39. Calculate k(1).
13
Let h(n) = -n**3 + n**2 + 3*n - 3. Let t = -168 - -170. Determine h(t).
-1
Let c(n) = n**3 + n**2 - 4*n. Let z = 220 + -223. Give c(z).
-6
Suppose 0 = 9*s - 10 - 8. Let v(l) = 2 - 3 + 2*l**3 - 6*l - l**2 + 5*l. Calculate v(s).
9
Let c(w) = -w + 3. Let u(o) = o - 2 + 0 + 0*o. Let s(r) = 4*c(r) + 5*u(r). Let f = -62 - -61. Give s(f).
1
Let l = 1213 + -1213. Let q(p) = -p**3 - p + 4. Determine q(l).
4
Let m(f) be the third derivative of 1/24*f**4 + 0*f - 1/30*f**5 + 3*f**2 + 0 + 2/15*f**6 + 0*f**3. Determine m(1).
15
Let p(v) = -6*v + 8. Let a(g) = 9*g - 3. Let i(m) = -m - 1. Suppose -25 = -5*l - 5. Let o(f) = l*i(f) + a(f). Let x(q) = -5*o(q) - 4*p(q). Give x(-6).
9
Let p(d) = 7*d + 5. Let o(z) = -z**3 + 9*z**2 + 13*z - 34. Let f be o(10). What is p(f)?
-23
Let l(s) = 3*s**2 - 9*s - 12. Let f be l(4). Let u(o) = 6*o + 2 - 5*o + 1. Give u(f).
3
Let m(i) = -4*i + 43. Suppose 0 = 5*c + 4*d - 47, c - 3 - 10 = d. What is m(c)?
-1
Let g(f) be the third derivative of f**5/60 + f**4/4 - 5*f**3/6 - 283*f**2. Determine g(-5).
-10
Let z(v) = -v**3 - 3*v**2 - 5*v - 3. Let f(p) = p**3 + 8*p**2 + 10*p - 14. Let h be f(-6). Let x be ((-6 - h) + 1)/(2 - 1). Calculate z(x).
12
Let x(g) = -4*g**2 + 4*g + 11. Let r(b) = -2*b**2 + 5*b + 9. Let z(m) = 3*r(m) - 2*x(m). Determine z(-2).
-1
Let b(p) = 135 + 2*p**2 - 135 - p. Suppose 6*y - 11 - 1 = 0. Calculate b(y).
6
Let s(n) = -9*n - 3. Let h(m) = 21*m + 4. Let a(g) = 2*h(g) + 5*s(g). Let i = 1 + 0. Suppose 2*q - i + 13 = 0. What is a(q)?
11
Let b(f) = -41*f - 38*f - 11 + 117*f + 2 - 39*f. Let l(j) = -j**2 - 9*j + 3. Let z be l(-9). Suppose 4*w + 2*c = -32, 2*w + 5*c - z*c = -20. Calculate b(w).
-3
Let k(x) = -10*x. Let r(a) be the second derivative of -a**3/6 - 19*a. Let h = 2 + -4. Let y(q) = h*k(q) + 12*r(q). Calculate y(-1).
-8
Let c(k) = 26*k**2 - 18 - 23 + 35 - 27*k**2. Determine c(0).
-6
Let h(w) = -4*w - 36. Let x = 764 - 774. Calculate h(x).
4
Let o be 8 - 4 - (2 - 1). Suppose -3*p + 15 = -5*y - 8*p, -17 = o*y - p. Let t(s) = s**3 + 4*s**2 - 4*s + 3. Give t(y).
-2
Let k(j) = -24*j**2 - 5*j**2 - j**3 + 4 + 33*j**2. Give k(3).
13
Suppose 5*b - 27 = -3*k - 24, -16 = 4*k. Let j(c) = -4*c**2 - c. What is j(b)?
-39
Let u(o) = -o**2 - 8*o + 1. Let y be 7/42 + 586/12 + 1. Let g = 42 - y. Give u(g).
1
Let v = -17 - -10. Let x(j) = j**3 + 8*j**2 + 10*j + 22. Let i be x(v). Let l(d) = 8*d. Give l(i).
8
Let k(f) = -f**3 - 4*f**2 + 2*f - 2. Let p be 42/9*(-12)/14. Determine k(p).
-10
Let s be (1 - 4)*(-13)/3. Let u(t) = -2*t**3 + 3*t**2 + 15*t - 3. Let h(k) = -k**3 + k**2 + 7*k - 1. Let y(b) = s*h(b) - 6*u(b). What is y(-5)?
0
Let b(a) = 6*a**2 - a - 3. Suppose -10*v - 5 = 15. Determine b(v).
23
Let b(w) = 2*w**3 - 2*w**2 - w**3 + w - 4*w + 4. Suppose 0 = -14*o + 34 + 8. Calculate b(o).
4
Let g = 287 - 271. Let u(n) = -n**2 + 17*n - 15. Determine u(g).
1
Let m(z) = -61*z - 10. Let f(h) = 31*h + 4. Let j(t) = -5*f(t) - 2*m(t). Give j(1).
-33
Let s(b) = -7 - 36 + 18 - 6*b - 24. What is s(-9)?
5
Let g(k) = k - 15. Let d(v) = 2*v**2 - 4*v - 61. Let n be d(7). Give g(n).
-6
Let a(b) = -13*b**2 - b + 13. Let q(c) = -c**2 - 3*c**2 - 3*c**2 + 7. Let n be -2*10/((-180)/(-99)). Let u(v) = n*q(v) + 6*a(v). What is u(-5)?
6
Let a(k) be the third derivative of k**4/8 - k**3/3 - 60*k**2. What is a(-7)?
-23
Let j(a) be the first derivative of -a**7/840 + a**6/72 + a**5/15 - a**4/3 + 2*a**3/3 + 16. Let l(d) be the third derivative of j(d). What is l(6)?
4
Let r(o) = -o + 11. Let t(c) = -3*c + 34. Let z(u) = -7*r(u) + 2*t(u). Let d(n) = 3*n - 19. Let x(g) = -4*d(g) + 9*z(g). What is x(-4)?
7
Let i(y) be the third derivative of -y**4/8 + 19*y**3/6 - 160*y**2. What is i(11)?
-14
Let i(u) = -12*u - 2. Let l(n) = 31*n + 6. Let v(x) = -5*i(x) - 2*l(x). Let g be (-1 - 1) + 1*6. Determine v(g).
-10
Let l(s) = -2*s**2 - 14*s - 18. Suppose -155*o - 402 = -88*o. Calculate l(o).
-6
Let y(u) be the third derivative of -u**4/8 + u**3/3 + 380*u**2. Calculate y(9).
-25
Let t(i) = i - 1. Let r(n) = n**3 + 9*n**2 - 15*n - 5. Let w(y) = r(y) + 5*t(y). Calculate w(-10).
-10
Let f(o) be the third derivative of 0*o - 4/3*o**3 + 1/24*o**4 + 0 - 6*o**2. Calculate f(7).
-1
Let t(z) = -z**2 - 5*z**2 + 4*z + 0 + 1. Let q(f) = 13*f**2 - 9*f - 2. Let b(i) = -3*q(i) - 7*t(i). Suppose -7*p = -2*p + 5. Determine b(p).
3
Let k(b) = b**3 - 10*b**2 + 12*b - 9. Suppose 5*x - 15 = 4*r + 18, -5*r = x - 24. Determine k(x).
18
Let v(n) = -n - 6. Let f be 3/(-4 - (-3)/(96/116)). What is v(f)?
2
Let s(i) be the third derivative of i**4/24 + i**3 + 300*i**2. What is s(-8)?
-2
Let p(g) = -g**3 - 9*g**2 + 12. Suppose -1463 = -5*a - 1508. Calculate p(a).
12
Suppose 0 = -5*l - 5*n - 65, -2*n = -6*l + l - 86. Let k = 21 + l. Let q(r) = -r. Let t(c) = 4*c + 4. Let o(s) = -6*q(s) - t(s). What is o(k)?
6
Let z be ((-4)/8 - 0)*16. L